base 12, what is -13 + 52?
3b
In base 7, what is -1423 - -11?
-1412
In base 6, what is 3 + -131?
-124
In base 11, what is 849 + 2?
850
In base 6, what is -32 - 2?
-34
In base 11, what is -3 + -30?
-33
In base 2, what is 101100000 + 1?
101100001
In base 2, what is -1111000 - 110000?
-10101000
In base 8, what is 1351 - -10?
1361
In base 6, what is -4 + -223?
-231
In base 14, what is 170 + 15?
185
In base 5, what is 0 - -13102?
13102
In base 6, what is -3 - -1314?
1311
In base 12, what is -592 + -11?
-5a3
In base 13, what is 77b - 1?
77a
In base 15, what is 3 - e?
-b
In base 16, what is -5 + -d7?
-dc
In base 10, what is 8 + -33?
-25
In base 5, what is 242 - 11?
231
In base 3, what is 110 - 120?
-10
In base 3, what is 21001 - -12?
21020
In base 13, what is 4 + -1c1?
-1ba
In base 10, what is -1 - -13?
12
In base 2, what is -10010111 - 10?
-10011001
In base 6, what is 1 + 4212?
4213
In base 12, what is 4b6 + 3?
4b9
In base 5, what is 0 + 120440?
120440
In base 8, what is 1 - -1003?
1004
In base 15, what is 42 - 1?
41
In base 3, what is 2200102 + 11?
2200120
In base 2, what is -1101 - 111100?
-1001001
In base 10, what is 2 + 3381?
3383
In base 16, what is -21 - 94?
-b5
In base 16, what is -46df + -1?
-46e0
In base 6, what is -315250 - -5?
-315241
In base 11, what is 5 - -109?
113
In base 10, what is -4 + -2557?
-2561
In base 11, what is -855 - 5?
-85a
In base 9, what is -30 - -4?
-25
In base 14, what is 36 + -36?
0
In base 7, what is 30 - -31?
61
In base 11, what is -364 + 4?
-360
In base 13, what is 5 - 1c9?
-1c4
In base 4, what is -123 - -230?
101
In base 9, what is -5 + -45?
-51
In base 14, what is 1 + 16a?
16b
In base 14, what is 1a19 + 2?
1a1b
In base 16, what is 38 + 2?
3a
In base 9, what is -383 + 4?
-378
In base 5, what is -344 + -1?
-400
In base 5, what is -122302 + 1?
-122301
In base 7, what is -5 - -4?
-1
In base 15, what is 0 - 62?
-62
In base 10, what is -1335 - -2?
-1333
In base 8, what is -67 - -2?
-65
In base 7, what is -4 - 363?
-400
In base 16, what is -8c - -4?
-88
In base 5, what is -20 - -21?
1
In base 16, what is -2 - 765?
-767
In base 5, what is -2 - -1210?
1203
In base 4, what is -313101 - -10?
-313031
In base 13, what is -2 - 3?
-5
In base 3, what is 11 - -10122?
10210
In base 7, what is 242 - -26?
301
In base 10, what is 5 - 1011?
-1006
In base 9, what is 268 - 8?
260
In base 13, what is 18 - -10?
28
In base 4, what is -2 + 22222?
22220
In base 8, what is 167 - 30?
137
In base 10, what is -1 - -52?
51
In base 12, what is -5 + 1b?
16
In base 11, what is 6 + 15?
20
In base 16, what is 1 + -eb2?
-eb1
In base 14, what is 129 - 2?
127
In base 14, what is 9 - 119?
-110
In base 15, what is -2d + -1?
-2e
In base 13, what is -92 + -1?
-93
In base 14, what is -58 + -2?
-5a
In base 11, what is 2 + -3?
-1
In base 2, what is -10011 + 11?
-10000
In base 3, what is 222 - -200?
1122
In base 9, what is 24 + 3?
27
In base 4, what is -10 - -30331?
30321
In base 4, what is 31 - 131?
-100
In base 11, what is -394a + 3?
-3947
In base 16, what is 28b - 2?
289
In base 4, what is -20131122 - -3?
-20131113
In base 12, what is 92 - 7?
87
In base 2, what is 1001011000 - 1?
1001010111
In base 3, what is 11 + 212?
1000
In base 15, what is 2 + -6a?
-68
In base 15, what is 849 + 1?
84a
In base 11, what is -11035 + -5?
-1103a
In base 3, what is 112012 + -12?
112000
In base 15, what is -4 - 7d?
-82
In base 2, what is -1011000001111 - -11?
-1011000001100
In base 16, what is 4 - 2?
2
In base 13, what is 442 + -1?
441
In base 16, what is -3 + 204?
201
In base 12, what is 5 - 108?
-103
In base 13, what is 165 - 4?
161
In base 11, what is 2 - 51?
-4a
In base 8, what is -3 + 113?
110
In base 9, what is 22248 + 3?
22252
In base 4, what is 33 + 11133?
11232
In base 4, what is 32130 - 10?
32120
In base 2, what is -11 - 110110110?
-110111001
In base 8, what is 2512 + 5?
2517
In base 8, what is -1137 + 3?
-1134
In base 10, what is -5 - -56?
51
In base 3, what is 111 + -21100?
-20212
In base 11, what is 9 - -9?
17
In base 8, what is -671 - 3?
-674
In base 8, what is -47 + -3?
-52
In base 14, what is -11 - -1d?
c
In base 14, what is 56 + 0?
56
In base 7, what is 6 - -2032?
2041
In base 12, what is -4 + -23?
-27
In base 9, what is 17 + -51?
-33
In base 7, what is 0 - 30?
-30
In base 3, what is 0 + 12012?
12012
In base 9, what is -887 + 0?
-887
In base 10, what is -2 - 26?
-28
In base 3, what is 10010 + 11?
10021
In base 5, what is 11 - 144?
-133
In base 8, what is 2 + 44?
46
In base 4, what is -100232 - -10?
-100222
In base 9, what is 1325 + 1?
1326
In base 2, what is 1101011 - -11?
1101110
In base 7, what is -2 + -20446?
-20451
In base 14, what is d - -a?
19
In base 11, what is -6 + 889?
883
In base 2, what is -10001111 + -100?
-10010011
In base 16, what is 90 + -4?
8c
In base 12, what is 4 - 173?
-16b
In base 5, what is 0 - -11414?
11414
In base 2, what is -1001011001 - 100?
-1001011101
In base 11, what is 55 + 28?
82
In base 10, what is -215 + 2?
-213
In base 8, what is 6 - 2?
4
In base 16, what is 40 + d?
4d
In base 8, what is 32427 + 1?
32430
In base 13, what is -b06 + 4?
-b02
In base 13, what is -3 - 55?
-58
In base 16, what is -4 - -471?
46d
In base 13, what is 0 - -13?
13
In base 7, what is 1 - 12304?
-12303
In base 15, what is -ace5 + -2?
-ace7
In base 11, what is 81a + -3?
817
In base 9, what is -1 - -856?
855
In base 3, what is 100010 - 10?
100000
In base 9, what is -10 - 15?
-25
In base 14, what is 18 - -34?
4c
In base 6, what is 232 - 1023?
-351
In base 6, what is -4 - 115?
-123
In base 6, what is 3001 + 2?
3003
In base 12, what is -3 + -798?
-79b
In base 12, what is -1793 - 0?
-1793
In base 4, what is -101 - 31?
-132
In base 8, what is 5 + 1775?
2002
In base 15, what is 5 - -1b?
21
In base 9, what is 10626 + -2?
10624
In base 16, what is 0 - 1ed?
-1ed
In base 2, what is 1010110110 - -110?
1010111100
In base 7, what is 103 - 3?
100
In base 8, what is -3 - -62?
57
In base 7, what is -3121 - -4?
-3114
In base 5, what is 1 - 132201?
-132200
In base 6, what is 3 - 224?
-221
In base 5, what is 1 + -32011?
-32010
In base 16, what is 5 + 6d?
72
In base 3, what is 0 + 200?
200
In base 9, what is -2 + -54?
-56
In base 10, what is -142 - -4?
-138
In base 12, what is -41 + -38?
-79
In base 5, what is -10 + -143?
-203
In base 5, what is 33 + 102?
140
In base 15, what is -7 + -3ae?
-3b6
In base 16, what is -5 - -4dd?
4d8
In base 5, what is 1041 - 10?
1031
In base 4, what is 1 + 3013?
3020
In base 3, what is -1101220101 - 12?
-1101220120
In base 16, what is -2 - 10f?
-111
In base 9, what is -41 + -2?
-43
In base 11, what is 6 - -407?
412
In base 6, what is -2 - -52?
50
In base 4, what is 2131 + 103?
2300
In base 4, what is -12 + -31?
-103
In base 10, what is 524 + 2?
526
In base 6, what is -112 + 11?
-101
In base 15, what is -4 - -5?
1
In base 13, what is 6 - 62?
-59
In base 14, what is 227 + 2?
229
In base 9, what is -3 + -125?
-128
In base 8, what is -1 - -432?
431
In base 9, what is 10 + 4?
14
In base 7, what is -2 + 1051?
1046
In base 14, what is 3d90 - -4?
3d94
In base 6, what is -103 + -1111?
-1214
In base 6, what is 1031 - -30?
1101
In base 12, what is 1 - 104?
-103
In base 13, what is 442 - 7?
438
In base 3, what is 10 - -20002?
20012
In base 12, what is 196 - 4?
192
In base 14, what is 2 - -116?
118
In base 10, what is 97 - 69?
28
In base 16, what is -12 - d?
-1f
In base 5, what is 10 - 12040?
-12030
In base 7, what is -2 - -4045?
4043
In base 13, what is 9 + -2c?
-23
In base 6, what is 30200 - 3?
30153
In base 9, what is -411 + -2?
-413
In base 11, what is 5 + -471?
-467
In base 15, what is 36 - 25a?
-224
In base 10, what is -4 - -965?
961
In base 12, what is 811 - -5?
816
In base 14, what is 3 + 1965?
1968
In base 5, what is -321 + 0?
-321
In base 3, what is 22220 + -1?
22212
In base 3, what is 11 - -210120?
210201
In base 2, what is 1 - -100001101?
100001110
In base 13, what is -463 - -2?
-461
In base 6, what is 5 - 324?
-315
In base 10, what is 12 + -965?
-953
In base 7, what is 101 - 10?
61
In base 2, what is -1 - 1000011?
-1000100
In base 13, what is 324 - 5?
31c
In base 16, what is 269b - -5?
26a0
In base 6, what is 3 - -523?
530
In base 11, what is 2477a - 1?
24779
In base 11, what is 3 - -122?
125
In base 7, what is 1 + -1645?
-1644
In base 5, what i